= x**3 - 14*x + 32017. Is i(0) prime?
False
Let i be 2/7 - 4460/(-70). Let t be (i/20)/(2/90). Let b = t - 89. Is b composite?
True
Let l = 36468 + -25565. Is l a composite number?
False
Suppose -4*r = -2*g + 876, 23*r - 22*r + 442 = g. Is g prime?
False
Let g(o) be the first derivative of 196*o**3/3 + 11*o**2/2 - 11*o - 15. Is g(-6) composite?
True
Let w be ((-24)/9)/(2/6). Let j = 11 + w. Suppose -101 = -j*g + 4. Is g a composite number?
True
Suppose -11*x = -12*x + 227. Let n = x + 66. Is n a prime number?
True
Suppose -22*r + 23*r - 11329 = -4*g, 0 = -5*g - 4*r + 14175. Is g composite?
True
Let f be (4 - 11)*((-2)/7)/(-1). Is (-2 + 1608/28)/(f/(-7)) composite?
True
Let z = -6240 - -8973. Is z a composite number?
True
Let y(w) = -2181*w + 98. Is y(-5) a composite number?
False
Let p = 258 - 115. Suppose 5*w - 54 = -m + 4*w, -p = -2*m + 5*w. Let x = -2 + m. Is x prime?
False
Let i be 2 - (-6)/9*3. Suppose 5*s + 4*h - 651 = -0*s, 5*s = i*h + 619. Is (-4 + 0)/(-4)*s a prime number?
True
Suppose -41*x = -37*x + 2*g - 4200, -4*x + 2*g + 4192 = 0. Is x a composite number?
False
Is 219984/72*6/4 prime?
True
Let t(s) = 676*s**2 - 10*s + 29. Is t(6) a composite number?
True
Let p be (-9422)/(-4) + (-2)/4. Suppose r + 585 + p = 2*a, 2934 = 2*a - 4*r. Is a a composite number?
False
Let k(t) = -9021*t - 89. Is k(-2) a composite number?
True
Suppose i - 234377 = -4*y, 3*i - 309921 = -4*y - 75542. Is y composite?
True
Suppose -2*j = -2*a + 9726, 0 = -3*a - j + 2*j + 14585. Is a composite?
False
Let v(a) = 2*a**2 + 9550. Let m be v(0). Suppose -m = -11*z + z. Is z prime?
False
Let x(a) = a**3 + a**2 + 2*a - 113. Let j be x(0). Let p = 48 - j. Is p prime?
False
Suppose 8*p + 6 = -10. Let n(w) = -93*w**3 - w**2 - 6*w - 3. Is n(p) prime?
False
Let w be 6/(-18) - (-20)/6. Suppose -15 = q - l, q = -w*q - 5*l - 51. Is 4/q - 1400/(-98) prime?
False
Suppose 2*d - 9 - 1 = 0. Suppose 3*n - 2*h = 1753, 3*n - d*h + h = 1763. Is n a prime number?
False
Suppose -4*h - 5 = q, -3*q = h + 2*h + 6. Let n(w) = -w + 1. Let b be n(2). Is -614*b/(-2)*q composite?
False
Suppose -a + 6*k = 3*k - 16, -5*k = -5*a + 110. Let l(s) = 142*s**2 - 4*s - 10. Let p be l(-5). Is 3/5 + p/a prime?
False
Suppose 3*o = 0, -3*u + o = -0*u - 15. Suppose 1360 = 4*t - 4*l, 2*t + u*l - 659 = -0*t. Is t a prime number?
True
Suppose l + j + 15 = -3*j, -40 = -5*l + 3*j. Suppose -s = -42 + l. Is s a composite number?
False
Is -5494*5/30*-3 a composite number?
True
Suppose 0 = 5*i - 5*q - 36965, 0 = -2*i + 5*q + 1615 + 13171. Is i a prime number?
True
Let h = -5049 + 8846. Is h a composite number?
False
Is 219429/7 - 2*-5 prime?
True
Let q be 6/(-4)*4/6. Let x be (-710)/((4/6)/q). Is x*-2*2/(-12) prime?
False
Suppose 2*y = 6*y + 2*v + 12218, -v = -y - 3062. Is (y/6)/(2/(-4)) a composite number?
False
Let b(t) = -11*t**2 + 17*t - 4. Let x(f) = -12*f**2 + 17*f - 4. Let g(s) = -7*b(s) + 6*x(s). Let q be g(7). Suppose -3*a + q = -a. Is a composite?
True
Suppose 3*j - 17687 = -w, -5*j + 2*j - 3*w + 17679 = 0. Is j prime?
True
Let f(g) = -6*g**3 + 13*g**2 - 27*g + 9. Is f(-11) prime?
False
Let p = 13290 - -31957. Is p composite?
False
Suppose 0 = -13*c + 3*c + 42220. Is c composite?
True
Let j(n) = -491*n**3 - 4*n**2 + 8*n + 11. Is j(-2) a composite number?
False
Suppose -l = -3*m - 110, l + 4*l + 45 = -2*m. Let z = -16 - m. Is z composite?
False
Let p(b) = 7*b + 13. Let l be p(8). Let u = l + -22. Is u a composite number?
False
Suppose 0 = 8*o - 7*o - 4421. Is o composite?
False
Suppose -3*y + 4*h + 377 + 266 = 0, -3*y - 5*h = -634. Is y a composite number?
True
Suppose 4*m - g = 71473, -3*m = 3*g - 55926 + 2340. Is m prime?
False
Let n be (-2)/(-14) + (-1798064)/112. Let k = n + 24197. Is k composite?
True
Let z be (-1)/(-3 + (-28)/(-8)). Let i be (z/5)/((-13)/5785). Let h = 201 + i. Is h composite?
False
Suppose 0 = -r + 9 - 70. Let x be (-31)/2*80/5. Let g = r - x. Is g a composite number?
True
Let l be (3/(-2))/((-3)/6). Let d(m) = 62*m**2 + 12*m + l - 12*m. Is d(2) a prime number?
True
Is 4429 - (50/(-450) + 19/9) a prime number?
False
Is (60995/(-20))/(5/(-20)) composite?
True
Let h be 128/(-10) + 16/20. Is 298/8 - (-3)/h a composite number?
False
Let x = -33 - -35. Suppose -5*p + x*d = d - 2587, p = d + 519. Is p a prime number?
False
Suppose 9 + 15 = 2*m. Let c be ((-4)/(-6))/(2/m). Suppose 0 = y + c*y - 75. Is y prime?
False
Let f = 141777 + -33274. Is f a prime number?
True
Is (-71 - -70)/((-3)/62367) composite?
False
Is (-9)/(27 - 0) + (-8456)/(-6) composite?
False
Suppose 2*m + 0*m = -4. Let u be (m - (0 - 3))*12. Suppose z - 35 = -u. Is z composite?
False
Let s = -15 - -17. Suppose 4*w - r - 670 = r, 503 = 3*w - s*r. Is w composite?
False
Let u(l) = -4*l + 8 + l + 2*l + 0*l. Let h be u(7). Is -14*(h + 39/(-6)) composite?
True
Let c be 7/2 - ((-270)/12)/(-15). Suppose 2*x + c*t - 502 = 0, x + 2*t - 248 = -0*t. Is x a prime number?
False
Let k(z) be the first derivative of 36*z**2 - 8*z + 9. Let p be k(6). Suppose -2*c - 3*r - p = -1332, -5*c + 2247 = -4*r. Is c a prime number?
False
Suppose -5*b = -5*k - 53330, 0 = 5*b + 3*k - 41439 - 11867. Is b prime?
True
Suppose -5*x = 5*h - 4*h - 6794, x - 27252 = -4*h. Is h composite?
True
Is (5/10)/(2 - (-34415)/(-17210)) a composite number?
False
Suppose -4*u + 23576 = 4*t, -6*t + 11797 = -4*t - u. Is t composite?
False
Suppose -5*t - 137 = -1407. Suppose -223 = -9*x + t. Is x a prime number?
True
Suppose 25 = 2*p - 3*z, 2*p - 14 - 6 = 2*z. Suppose 0 = 5*l + 5*g - 4855, p*l - g - 4081 = 750. Suppose y = 0, 4*x - 3*x + 2*y = l. Is x a prime number?
True
Is (3 - -3) + 394 + -3 a composite number?
False
Let m be (10/6 - 6)/((-1)/9). Suppose -m = l - 337. Is l composite?
True
Let c = 7977 + -4423. Let n(f) = 216*f - 669. Let m be n(12). Let i = c - m. Is i a composite number?
True
Suppose 47*j = 26847 + 7886. Is j prime?
True
Let u = -189 - -2936. Is u a composite number?
True
Let s(g) = g**3 - 11*g**2 + 2*g - 11. Let c(f) = f**3 - 4*f**2 + 3*f - 2. Let z be c(3). Let h be (z - -2) + 4 + 8. Is s(h) a composite number?
False
Let q = 25579 + -15857. Is q prime?
False
Let z(c) = 241*c - 65. Let b be z(-14). Let a = b + 4952. Is a a composite number?
True
Let b = 370 + -63. Is b prime?
True
Is (-13)/26*1*-7262 composite?
False
Let f be 4/(-18) - 9/((-486)/120). Let d(t) be the first derivative of 33*t**4/4 - t + 1. Is d(f) a prime number?
True
Suppose 220 = 7*i - 3*i. Suppose -3*q + 31 = 3*s - 4*q, q + i = 5*s. Let t = 59 + s. Is t composite?
False
Let n(p) = 2*p - 9. Let k be n(15). Let x = 28 - k. Let s(m) = m**3 + m**2 - 3*m - 10. Is s(x) a composite number?
True
Let b = 3304 + -1019. Is b a composite number?
True
Let c(z) = -115*z**3 + z + 1. Let t(q) = -q + 3. Let j be t(5). Is c(j) a composite number?
False
Let t(n) = 10*n**3 - 9*n**2 - 4*n - 2. Suppose 1 = -g + 8. Is t(g) a composite number?
True
Let d = 25976 + -18421. Is d prime?
False
Is (4 - (-102)/(-18))*-1563 a prime number?
False
Let u(k) be the first derivative of -k**4 + k**3/3 + k**2/2 - 7*k + 28. Is u(-6) a prime number?
True
Suppose 3*o - 14558 = 3*t + 2*t, 0 = 5*o - 3*t - 24290. Is o a composite number?
False
Let q = -7479 + 4332. Let p be q/(-7) + 24/56. Let u = p + -143. Is u composite?
False
Suppose -134*c + 129*c + 12625 = -4*l, 2531 = c - 2*l. Is c a composite number?
False
Let j(q) = -113*q**3 - 3*q**2 + q - 1. Is j(-2) prime?
False
Let c = 13 + -10. Is c - (1 + 1/((-2)/1258)) a composite number?
False
Let y be (-2587)/(-26) + 2*2/(-8). Is 6 + 28989/y - 2/(-11) composite?
True
Let b be (-4)/((-8949)/4476 - -2). Let y = -3359 - b. Is y a prime number?
True
Let u = -7572 - -32017. Is u a prime number?
False
Let q(c) = -c**3 - c**2 + 8*c - 3. Is q(-7) a composite number?
True
Let t = -2680 - -4621. Is t composite?
True
Let v = -282 - -154. Suppose 2765 - 1127 = 7*q. Let i = v + q. Is i a prime number?
False
Is ((-3)/(-12) - 1)/(6/(-10072)) a prime number?
True
Let u(q) = 15*q**3 - 10*q**2 + 7*q + 6. Let g be u(6). Let b = g - 1169. Is b a prime number?
True
Suppose -854 = 2*c + 2*w, -2*c - 866 = -w + 6*w. Let n be c/(-2) - 7/14. Suppose 5*f - 4*f = n. Is f composite?
False
Suppose 70 = 12*x + 2*x. Suppose 7*v - 3*v - x*q - 10431 = 0, q = 1. Is v prime?
True
Let x be 2/7 + 99/21. Let k(